{"id":37,"date":"2018-04-10T14:57:38","date_gmt":"2018-04-10T18:57:38","guid":{"rendered":"https:\/\/www.discoverypublisher.com\/fr\/legal\/?page_id=37"},"modified":"2019-09-29T08:18:00","modified_gmt":"2019-09-29T06:18:00","slug":"soumettre-votre-manuscrit","status":"publish","type":"page","link":"https:\/\/www.discoverypublisher.com\/fr\/legal\/soumettre-votre-manuscrit\/","title":{"rendered":"Soumettre votre manuscrit"},"content":{"rendered":"<p>Toutes nos f\u00e9licitations ! Soumettre votre manuscrit est l&rsquo;aboutissement d&rsquo;un travail acharn\u00e9, et un grand pas en avant vers la publication de votre livre.<\/p>\n<p>Votre manuscrit et tout mat\u00e9riel de soutien (manuel de solutions, banque de tests, site web, etc.) doivent \u00eatre soumis en format \u00e9lectronique. Il n&rsquo;est pas n\u00e9cessaire de soumettre une copie papier \u00e0 moins que votre \u00e9diteur de projet vous conseille de le faire.<\/p>\n<p>Si votre manuscrit contient des <strong>caract\u00e8res sp\u00e9ciaux<\/strong>, des \u00e9quations ou un formatage pr\u00e9cis qui doit \u00eatre conserv\u00e9, veuillez soumettre un PDF de votre manuscrit pour r\u00e9f\u00e9rence en plus d&rsquo;une version \u00e9ditable\/modifiable.<\/p>\n<p>Votre \u00e9diteur de projet vous conseillera sur la m\u00e9thode de soumission appropri\u00e9e. Les m\u00e9thodes possibles comprennent, mais sans \u00eatre limit\u00e9es \u00e0 :<\/p>\n<ul>\n<li><strong>Par email\u00a0<\/strong>: veuillez informer votre \u00e9diteur de projet des fichiers sp\u00e9cifiques que vous pr\u00e9voyez d&rsquo;envoyer afin qu&rsquo;il puisse confirmer la r\u00e9ception.<\/li>\n<li><strong>En utilisant le site FTP des \u00c9ditions Discovery\u00a0<\/strong>: votre \u00e9diteur de projet confirmera le lien sp\u00e9cifique \u00e0 utiliser.<\/li>\n<li><strong>Un serveur FTP de votre choix\u00a0<\/strong>: veuillez inclure l&rsquo;adresse, le nom d&rsquo;utilisateur et le mot de passe.<\/li>\n<li><strong>Par Dropbox.<\/strong><\/li>\n<li><strong>Par courrier<\/strong> : votre \u00e9diteur de projet vous confirmera les \u00e9tapes sp\u00e9cifiques.<\/li>\n<\/ul>\n<h2>Liste de contr\u00f4le de soumission :<\/h2>\n<p><strong>Avant de soumettre votre manuscrit ou projet, assurez-vous d&rsquo;avoir inclus :<\/strong><\/p>\n<ul>\n<li>La version finale de tous les chapitres, enregistr\u00e9e sous un nom appropri\u00e9 et avec <em>les modifications de suivi<\/em>\u00a0accept\u00e9es.<\/li>\n<li>Les noms de tous les principaux auteurs et coauteurs avec leur adresse postale compl\u00e8te, y compris l&rsquo;adresse e-mail. Pour les volumes \u00e9dit\u00e9s, veuillez fournir (au minimum) une adresse e-mail pour l&rsquo;auteur correspondant de chaque chapitre.<\/li>\n<li>Version finale de chaque fichier.<\/li>\n<li>Une Table des Mati\u00e8res compl\u00e8te et tout document pr\u00e9liminaire (par exemple, D\u00e9dicace, Remerciements, Contributeurs\/Contribution, Liste des Abr\u00e9viations, Avant-Propos, Pr\u00e9face) que vous aimeriez ajouter.<\/li>\n<li>Un ensemble complet d&rsquo;Autorisations de Publication, \u00e9tiquet\u00e9es clairement (votre \u00e9diteur de projet vous informera de la forme \u00e0 adopter).<\/li>\n<li>Sauf avis contraire, r\u00e9sum\u00e9s et mots-cl\u00e9s pour chaque chapitre \u00e0 inclure dans la version en ligne de votre livre.<\/li>\n<\/ul>\n<h2>Quelques points \u00e0 noter :<\/h2>\n<ul>\n<li>Les choix du formatage est libre, \u00ab si nous pouvons le lire, vous pouvez le soumettre ! \u00bb<\/li>\n<li>Il n&rsquo;est pas n\u00e9cessaire de soumettre votre manuscrit \u00e0 un \u00e9diteur sp\u00e9cifique. Cependant, si un \u00e9diteur particulier a r\u00e9clam\u00e9 votre manuscrit, dites-le-nous et nous ferons suivre.<\/li>\n<li>Vous devriez recevoir une r\u00e9ponse de notre part un mois environ apr\u00e8s l&rsquo;envoi de votre manuscrit.<\/li>\n<li>Vous n&rsquo;avez pas besoin d&rsquo;un agent litt\u00e9raire.<\/li>\n<\/ul>\n<p>&nbsp;<\/p>\n<h2 style=\"text-align: center;\"><strong>SOUMETTRE VOTRE MANUSCRIT<\/strong><span style=\"text-decoration: underline;\"><strong><br \/>\n<\/strong><\/span><\/h2>\n<p>&nbsp;<\/p>\n<div role=\"form\" class=\"wpcf7\" id=\"wpcf7-f38-o1\" lang=\"en-US\" dir=\"ltr\">\n<div class=\"screen-reader-response\"><p role=\"status\" aria-live=\"polite\" aria-atomic=\"true\"><\/p> <ul><\/ul><\/div>\n<form action=\"\/fr\/legal\/wp-json\/wp\/v2\/pages\/37#wpcf7-f38-o1\" method=\"post\" class=\"wpcf7-form init\" enctype=\"multipart\/form-data\" novalidate=\"novalidate\" data-status=\"init\">\n<div style=\"display: none;\">\n<input type=\"hidden\" name=\"_wpcf7\" value=\"38\" \/>\n<input type=\"hidden\" name=\"_wpcf7_version\" value=\"5.6.4\" \/>\n<input type=\"hidden\" name=\"_wpcf7_locale\" value=\"en_US\" \/>\n<input type=\"hidden\" name=\"_wpcf7_unit_tag\" value=\"wpcf7-f38-o1\" \/>\n<input type=\"hidden\" name=\"_wpcf7_container_post\" value=\"0\" \/>\n<input type=\"hidden\" name=\"_wpcf7_posted_data_hash\" value=\"\" \/>\n<\/div>\n<p><label> Titre du manuscrit *<br \/>\n<span class=\"wpcf7-form-control-wrap\" data-name=\"manuscript-titre\"><input type=\"text\" name=\"manuscript-titre\" value=\"\" size=\"40\" class=\"wpcf7-form-control wpcf7-text wpcf7-validates-as-required\" aria-required=\"true\" aria-invalid=\"false\" \/><\/span> <\/label><\/p>\n<p><label> Pr\u00e9f\u00e9rence de nom d'auteur *<br \/>\n    <span class=\"wpcf7-form-control-wrap\" data-name=\"author-name\"><input type=\"text\" name=\"author-name\" value=\"\" size=\"40\" class=\"wpcf7-form-control wpcf7-text wpcf7-validates-as-required\" aria-required=\"true\" aria-invalid=\"false\" \/><\/span> <\/label><\/p>\n<p><label> Votre adresse email *<br \/>\n    <span class=\"wpcf7-form-control-wrap\" data-name=\"author-email\"><input type=\"email\" name=\"author-email\" value=\"\" size=\"40\" class=\"wpcf7-form-control wpcf7-text wpcf7-email wpcf7-validates-as-required wpcf7-validates-as-email\" aria-required=\"true\" aria-invalid=\"false\" \/><\/span> <\/label><\/p>\n<p><label> Est-ce que votre manuscrit est complet ? <\/label><span class=\"wpcf7-form-control-wrap\" data-name=\"radio-finished\"><span class=\"wpcf7-form-control wpcf7-radio\"><span class=\"wpcf7-list-item first\"><input type=\"radio\" name=\"radio-finished\" value=\"Non\" \/><span class=\"wpcf7-list-item-label\">Non<\/span><\/span><span class=\"wpcf7-list-item last\"><input type=\"radio\" name=\"radio-finished\" value=\"Oui\" \/><span class=\"wpcf7-list-item-label\">Oui<\/span><\/span><\/span><\/span><\/p>\n<p><label> Avez-vous d\u00e9j\u00e0 \u00e9t\u00e9 publi\u00e9 ? <\/label><span class=\"wpcf7-form-control-wrap\" data-name=\"radio-published\"><span class=\"wpcf7-form-control wpcf7-radio\"><span class=\"wpcf7-list-item first\"><input type=\"radio\" name=\"radio-published\" value=\"Non\" \/><span class=\"wpcf7-list-item-label\">Non<\/span><\/span><span class=\"wpcf7-list-item last\"><input type=\"radio\" name=\"radio-published\" value=\"Oui\" \/><span class=\"wpcf7-list-item-label\">Oui<\/span><\/span><\/span><\/span><\/p>\n<p><label> Quelle est la longueur de votre manuscrit ? *<br \/>\n    <span class=\"wpcf7-form-control-wrap\" data-name=\"menu-length\"><select name=\"menu-length\" class=\"wpcf7-form-control wpcf7-select wpcf7-validates-as-required\" aria-required=\"true\" aria-invalid=\"false\"><option value=\"Choisissez une taille\">Choisissez une taille<\/option><option value=\"10-25 mille mots\">10-25 mille mots<\/option><option value=\"25-50 mille mots\">25-50 mille mots<\/option><option value=\"50-100 mille mots ou plus\">50-100 mille mots ou plus<\/option><\/select><\/span> <\/label><\/p>\n<p><label> Genre litt\u00e9raire du manuscrit *<br \/>\n    <span class=\"wpcf7-form-control-wrap\" data-name=\"menu-genre\"><select name=\"menu-genre\" class=\"wpcf7-form-control wpcf7-select wpcf7-validates-as-required\" aria-required=\"true\" aria-invalid=\"false\"><option value=\"Choisissez un genre\">Choisissez un genre<\/option><option value=\"Activisme\">Activisme<\/option><option value=\"Art martiaux\">Art martiaux<\/option><option value=\"Biographie\">Biographie<\/option><option value=\"Business\/\u00c9conomie\">Business\/\u00c9conomie<\/option><option value=\"Histoire\">Histoire<\/option><option value=\"Langue\">Langue<\/option><option value=\"Philosophie\">Philosophie<\/option><option value=\"Psychisme\">Psychisme<\/option><option value=\"Religion\">Religion<\/option><option value=\"Roman\">Roman<\/option><option value=\"Yoga\">Yoga<\/option><option value=\"Autre\">Autre<\/option><\/select><\/span> <\/label><\/p>\n<p><label> Est-ce cette application en r\u00e9f\u00e9rence \u00e0 une demande de soumission sp\u00e9cifique publi\u00e9e par les \u00c9ditions Discovery ? Si oui, laquelle ?<br \/>\n    <span class=\"wpcf7-form-control-wrap\" data-name=\"reference\"><textarea name=\"reference\" cols=\"40\" rows=\"1\" class=\"wpcf7-form-control wpcf7-textarea\" aria-invalid=\"false\"><\/textarea><\/span> <\/label><\/p>\n<p><label> Donner-nous un bref synopsis du manuscrit en moins de 200 mots *<br \/>\n    <span class=\"wpcf7-form-control-wrap\" data-name=\"synopsis\"><textarea name=\"synopsis\" cols=\"40\" rows=\"10\" maxlength=\"2500\" minlength=\"10\" class=\"wpcf7-form-control wpcf7-textarea wpcf7-validates-as-required\" aria-required=\"true\" aria-invalid=\"false\"><\/textarea><\/span> <\/label><\/p>\n<p><label> Votre lettre d'accompagnement en moins de 750 mots *<br \/>\n    <span class=\"wpcf7-form-control-wrap\" data-name=\"query-letter\"><textarea name=\"query-letter\" cols=\"40\" rows=\"20\" maxlength=\"10000\" minlength=\"200\" class=\"wpcf7-form-control wpcf7-textarea wpcf7-validates-as-required\" aria-required=\"true\" aria-invalid=\"false\"><\/textarea><\/span> <\/label><\/p>\n<p><label> Les trois premiers chapitres ou le premier quart du manuscrit \u2013 choisissez l'option qui presente le plus long contenu *<br \/>\n(taille maximale : 5mb, type de document : pdf, doc, dox, rtf, txt, image)<br \/>\n    <span class=\"wpcf7-form-control-wrap\" data-name=\"file-chapters\"><input type=\"file\" name=\"file-chapters\" size=\"40\" class=\"wpcf7-form-control wpcf7-file wpcf7-validates-as-required\" accept=\"image\/*,.txt,application\/pdf,application\/rtf\" aria-required=\"true\" aria-invalid=\"false\" \/><\/span> <\/label><\/p>\n<p><label> Votre lettre de pr\u00e9sentation, si diff\u00e9rente de votre lettre d'accompagnement<br \/>\n(taille maximale : 5mb, type de document : pdf, doc, dox, rtf, txt, image)<br \/>\n    <span class=\"wpcf7-form-control-wrap\" data-name=\"file-cover-letter\"><input type=\"file\" name=\"file-cover-letter\" size=\"40\" class=\"wpcf7-form-control wpcf7-file\" accept=\"image\/*,.txt,application\/pdf,application\/rtf\" aria-invalid=\"false\" \/><\/span> <\/label><\/p>\n<p><label> Autre(s) document(s)<br \/>\n(taille maximale : 5mb, type de document : pdf, doc, dox, rtf, txt, image, zip)<br \/>\n    <span class=\"wpcf7-form-control-wrap\" data-name=\"file-other\"><input type=\"file\" name=\"file-other\" size=\"40\" class=\"wpcf7-form-control wpcf7-file\" accept=\"image\/*,.txt,application\/pdf,application\/rtf,application\/zip\" aria-invalid=\"false\" \/><\/span> <\/label><\/p>\n<p>&nbsp;<\/p>\n<p>Pour v\u00e9rification, veuillez entrer ci-dessous les caract\u00e8res suivants : <input type=\"hidden\" name=\"_wpcf7_captcha_challenge_your-captcha\" value=\"245932882\" \/><img class=\"wpcf7-form-control wpcf7-captchac wpcf7-captcha-your-captcha\" width=\"72\" height=\"24\" alt=\"captcha\" src=\"https:\/\/www.discoverypublisher.com\/fr\/legal\/wp-content\/uploads\/wpcf7_captcha\/245932882.png\" \/><br \/>\n<span class=\"wpcf7-form-control-wrap\" data-name=\"your-captcha\"><input type=\"text\" name=\"your-captcha\" value=\"\" size=\"20\" maxlength=\"100\" class=\"wpcf7-form-control wpcf7-captchar\" autocomplete=\"off\" aria-invalid=\"false\" \/><\/span><\/p>\n<p><b>En cliquant sur \u00ab Envoyer \u00bb, je donne ma permission \u00e0 Discovery Publisher (Les \u00c9ditions Discovery) de lire et appr\u00e9cier mon manuscrit et de me contacter via l'adresse e-mail fournie ci-dessus.<\/b><\/p>\n<p>Envoyez votre application :<br \/>\n<input type=\"submit\" value=\"Envoyer\" class=\"wpcf7-form-control has-spinner wpcf7-submit\" \/><\/p>\n<p style=\"display: none !important;\"><label>&#916;<textarea name=\"_wpcf7_ak_hp_textarea\" cols=\"45\" rows=\"8\" maxlength=\"100\"><\/textarea><\/label><input type=\"hidden\" id=\"ak_js_1\" name=\"_wpcf7_ak_js\" value=\"93\"\/><script>document.getElementById( \"ak_js_1\" ).setAttribute( \"value\", ( new Date() ).getTime() );<\/script><\/p><div class=\"wpcf7-response-output\" aria-hidden=\"true\"><\/div><\/form><\/div>\n<pre>\u2190 <a href=\"https:\/\/www.discoverypublisher.com\/fr\">Retourner sur le site principal<\/a><\/pre>\n","protected":false},"excerpt":{"rendered":"<p>Toutes nos f\u00e9licitations ! Soumettre votre manuscrit est l&rsquo;aboutissement d&rsquo;un travail acharn\u00e9, et un grand pas en avant vers la publication de votre livre. Votre manuscrit et tout mat\u00e9riel de soutien (manuel de solutions, banque de tests, site web, etc.) doivent \u00eatre soumis en format \u00e9lectronique. Il n&rsquo;est pas n\u00e9cessaire de soumettre une copie papier &hellip; <\/p>\n<p class=\"link-more\"><a href=\"https:\/\/www.discoverypublisher.com\/fr\/legal\/soumettre-votre-manuscrit\/\" class=\"more-link\">Continuer la lecture<span class=\"screen-reader-text\"> de &laquo;&nbsp;Soumettre votre manuscrit&nbsp;&raquo;<\/span><\/a><\/p>\n","protected":false},"author":1,"featured_media":0,"parent":0,"menu_order":0,"comment_status":"closed","ping_status":"closed","template":"","meta":[],"_links":{"self":[{"href":"https:\/\/www.discoverypublisher.com\/fr\/legal\/wp-json\/wp\/v2\/pages\/37"}],"collection":[{"href":"https:\/\/www.discoverypublisher.com\/fr\/legal\/wp-json\/wp\/v2\/pages"}],"about":[{"href":"https:\/\/www.discoverypublisher.com\/fr\/legal\/wp-json\/wp\/v2\/types\/page"}],"author":[{"embeddable":true,"href":"https:\/\/www.discoverypublisher.com\/fr\/legal\/wp-json\/wp\/v2\/users\/1"}],"replies":[{"embeddable":true,"href":"https:\/\/www.discoverypublisher.com\/fr\/legal\/wp-json\/wp\/v2\/comments?post=37"}],"version-history":[{"count":10,"href":"https:\/\/www.discoverypublisher.com\/fr\/legal\/wp-json\/wp\/v2\/pages\/37\/revisions"}],"predecessor-version":[{"id":66,"href":"https:\/\/www.discoverypublisher.com\/fr\/legal\/wp-json\/wp\/v2\/pages\/37\/revisions\/66"}],"wp:attachment":[{"href":"https:\/\/www.discoverypublisher.com\/fr\/legal\/wp-json\/wp\/v2\/media?parent=37"}],"curies":[{"name":"wp","href":"https:\/\/api.w.org\/{rel}","templated":true}]}}